
Is 245500259 composite?
False
Is 45548999 prime?
False
Is 37383973 composite?
True
Is 439215983 a composite number?
False
Is 194642417 a composite number?
False
Is 21592333769 composite?
False
Is 289155587873 prime?
False
Is 9795587891 a prime number?
True
Is 3502817971 a prime number?
True
Is 99854327434 a prime number?
False
Is 3690334223 composite?
True
Is 7875656677 composite?
True
Is 231706361 prime?
False
Is 1171955573 composite?
False
Is 205410137 a composite number?
False
Is 19932873661 composite?
False
Is 30535394333 composite?
True
Is 1079369971 prime?
False
Is 54018812347 a prime number?
False
Is 57923726149 a prime number?
True
Is 15814783841 prime?
True
Is 534659581 prime?
True
Is 32156043614 a prime number?
False
Is 2303229823 prime?
True
Is 127847261 a composite number?
True
Is 15566907437 a composite number?
False
Is 7535095979 a prime number?
False
Is 2502978821 a composite number?
True
Is 96246498449 composite?
False
Is 349569677 prime?
False
Is 698825251 a composite number?
True
Is 12073292153 a prime number?
False
Is 489775969 a prime number?
True
Is 7269086041 prime?
False
Is 6338357203 a prime number?
False
Is 5523610997 a prime number?
True
Is 45029315423 prime?
True
Is 76534259 composite?
False
Is 31096799 a composite number?
True
Is 6638158209 composite?
True
Is 1638717617 prime?
True
Is 191940977 prime?
False
Is 872630263 composite?
False
Is 554803994 a composite number?
True
Is 1239744047 a composite number?
False
Is 22977247483 a prime number?
True
Is 71024460383 a composite number?
False
Is 21680417377 prime?
False
Is 101702409469 composite?
True
Is 9202343641 prime?
False
Is 11264063 a composite number?
True
Is 83537510543 composite?
True
Is 396263197 composite?
True
Is 2501289749 prime?
False
Is 22284526609 prime?
False
Is 54673869347 a composite number?
True
Is 285065839 a prime number?
True
Is 514850839 a prime number?
True
Is 13561712585 composite?
True
Is 998328923 composite?
True
Is 952802167 a prime number?
False
Is 18639333287 prime?
True
Is 21427211747 a composite number?
True
Is 51300437579 a composite number?
True
Is 577204546 prime?
False
Is 7179670111 a prime number?
True
Is 59862336559 a composite number?
True
Is 462871573 a composite number?
True
Is 17792554321 a composite number?
True
Is 287540997 a composite number?
True
Is 3439639849 prime?
True
Is 2482982083 a composite number?
True
Is 1203938491 composite?
True
Is 1348023283 prime?
False
Is 29291677 composite?
False
Is 118165460183 a composite number?
False
Is 3660153449 a composite number?
False
Is 22333239501 prime?
False
Is 105296670749 composite?
True
Is 3680485565 a prime number?
False
Is 7575883789 a composite number?
True
Is 334715531 a prime number?
False
Is 112608569 composite?
True
Is 527841403 a prime number?
True
Is 19717797691 prime?
True
Is 1064731963 composite?
True
Is 6045039181 prime?
False
Is 178932791 composite?
True
Is 3357399203 a composite number?
True
Is 45787447535 prime?
False
Is 4610385239 prime?
False
Is 1816920591 a prime number?
False
Is 514468853 a composite number?
True
Is 126016102087 composite?
True
Is 538659349 composite?
True
Is 296011020577 a composite number?
False
Is 16969013791 a composite number?
True
Is 6362305319 a composite number?
False
Is 1340208365 prime?
False
Is 22660716451 prime?
True
Is 4721893381 prime?
True
Is 1079681234 a prime number?
False
Is 753189493 composite?
True
Is 10730604259 prime?
True
Is 4754122187 prime?
False
Is 2988940393 prime?
True
Is 14030025203 a composite number?
False
Is 104433974 a composite number?
True
Is 7714970329 prime?
False
Is 525679133 composite?
True
Is 17024080573 composite?
False
Is 1295991901 prime?
False
Is 32547461239 prime?
True
Is 489866961 a composite number?
True
Is 6207419518 composite?
True
Is 1500932621 a prime number?
True
Is 413251127 a composite number?
False
Is 37129289911 a composite number?
True
Is 565019653 composite?
True
Is 3049823243 a prime number?
True
Is 767004241 a prime number?
True
Is 1545670693 prime?
False
Is 2635865369 a prime number?
False
Is 28727108129 a composite number?
False
Is 1177709573 a prime number?
True
Is 175118389 prime?
False
Is 3034710011 prime?
True
Is 9224373161 prime?
True
Is 537803215 a prime number?
False
Is 2065864267 composite?
True
Is 1798572667 composite?
False
Is 431756977 composite?
True
Is 1811289059 a prime number?
True
Is 173590207 prime?
False
Is 1351159867 composite?
False
Is 33574341377 prime?
False
Is 2145279671 prime?
False
Is 16201165791 prime?
False
Is 2480239409 a prime number?
False
Is 5354163827 prime?
False
Is 3806806271 composite?
False
Is 3803126413 prime?
True
Is 431619 a composite number?
True
Is 18580788101 prime?
True
Is 339949058413 a composite number?
False
Is 31367065321 a composite number?
False
Is 5073645623 prime?
True
Is 118226245771 a prime number?
False
Is 10329121 prime?
False
Is 243293467 a composite number?
True
Is 13425221321 composite?
False
Is 4327462589 prime?
True
Is 1474520867 a composite number?
False
Is 33514428607 composite?
True
Is 6136366157 composite?
True
Is 669212249 a prime number?
False
Is 814353373 composite?
False
Is 1011453167 prime?
True
Is 196121039 a prime number?
False
Is 11328303381 a prime number?
False
Is 284239363 a prime number?
True
Is 760097989 composite?
True
Is 2069004121 a prime number?
True
Is 1151871281 composite?
True
Is 318772981 composite?
True
Is 3753192787 prime?
True
Is 8406490129 composite?
False
Is 40053199561 prime?
True
Is 47021405611 a prime number?
False
Is 10254941798 composite?
True
Is 7735431131 a composite number?
True
Is 3499503491 a prime number?
False
Is 77763802513 a composite number?
False
Is 265732807 prime?
False
Is 1527044809 composite?
True
Is 9720085217 composite?
False
Is 12666229 prime?
False
Is 131261644727 a composite number?
True
Is 13149969463 a composite number?
False
Is 2388550979 prime?
True
Is 5617435357 prime?
True
Is 6642306283 a prime number?
False
Is 1549066861 composite?
False
Is 3738386497 prime?
False
Is 226421736113 a prime number?
False
Is 1072223861 a composite number?
False
Is 436904113 a prime number?
False
Is 15186802021 a composite number?
False
Is 17375852353 a prime number?
True
Is 800590139 a composite number?
True
Is 8434633639 a composite number?
True
Is 777825589 a prime number?
True
Is 1433409829 prime?
True
Is 7542498551 composite?
True
Is 29561842031 composite?
True
Is 121089177089 a composite number?
False
Is 145892175329 prime?
False
Is 776480833 a prime number?
True
Is 94229241989 a prime number?
False
Is 7006052626 a prime number?
False
Is 1903928797 a prime number?
True
Is 20611401767 prime?
False
Is 6498927563 prime?
False
Is 475437167 prime?
True
Is 2605628063 prime?
False
Is 3135855677 a prime number?
True
Is 6034998301 composite?
False
Is 7373793007 prime?
False
Is 1389063703 composite?
False
Is 577312081 prime?
False
Is 4031103157 prime?
True
Is 9237069437 composite?
True
Is 2043518493 composite?
True
Is 23668152187 prime?
True
Is 42988007 a prime number?
True
Is 3715597541 prime?
True
Is 1085882558 composite?
True
Is 4422144583 prime?
False
Is 1922662513 composite?
False
Is 2955185087 prime?
False
Is 74099769287 composite?
True
Is 118433219 a prime number?
True
Is 15838844023 a prime number?
True
Is 39915707453 a prime number?
False
Is 45708219847 prime?
True
Is 539912209 a prime number?
True
Is 2095768613 prime?
False
Is 4085556595 a composite number?
True
Is 228192187 composite?
False
Is 37119912919 a composite number?
False
Is 126488839 a composite number?
False
Is 1981461793 prime?
True
Is 28870469939 a composite number?
False
Is 3330933763 a prime number?
False
Is 18017768731 composite?
False
Is 86035823 composite?
False
Is 467638417 a prime number?
True
Is 1292030917 composite?
True
Is 3340604297 a prime number?
True
Is 56420846857 composite?
False
Is 8247283931 a composite number?
False
Is 76188087853 a composite number?
False
Is 794585663 prime?
True
Is 172079657 prime?
False
Is 15753129149 a prime number?
False
Is 41326879 a prime number?
False
Is 392224879 composite?
False
Is 4311016117 a prime number?
True
Is 826714762 a prime number?
False
Is 1704180117 a prime number?
False
Is 673362689 prime?
True
Is 11438735557 prime?
True
Is 2325894187 prime?
True
I